). Let i(x) = -3*x**3 - x**2 - x. Determine i(w).
3
Let h = 36 + -14. Suppose 4*u - 2*z - 8 = -z, 0 = 2*u + 4*z - h. Let p be ((-9)/12)/u*-4. Let a(f) = 3*f. What is a(p)?
3
Let d(x) = x**3 - 9*x**2 + 14*x - 56. Let c be d(8). Let i(s) = -3*s - 21. Give i(c).
3
Let a be 9 + -3 + -9 + 2 + 9. Let z(y) = -y**2 + 9*y - 7. Calculate z(a).
1
Suppose c + 113*s - 118*s - 9 = 0, -2*s = 6. Let l(n) = n**2 + 3*n - 8. Give l(c).
10
Let b(o) = -2*o**2 + 4*o + 4. Let i(g) = g**2 + 1. Let k(x) = -b(x) - i(x). Let a(n) = n**3 + 3*n + 1 - 1 + 5*n**2. Let t be a(-4). Give k(t).
-5
Let c(z) = -2*z**3 - z**2 + z. Let w(p) = -2*p**3 - 2*p**2 + p. Let u(v) = 4*c(v) - 3*w(v). What is u(-1)?
3
Let y(b) = -b + 9. Let a(c) = 2*c - 11. Suppose -4*k - 18 = 2*n, -k = 2*n - 0*n + 9. Let i(h) = k*a(h) - 4*y(h). Determine i(5).
-13
Let b(z) = 4*z**3 + z**2 + 6. Let a(u) = 5*u**3 + u + 6. Let o(h) = 3*a(h) - 4*b(h). Let y = -52 + 82. Let r be (-12)/y + 69/(-15). What is o(r)?
4
Let z(a) = -2*a + 4 + a + 0*a + 0. Suppose 5*g - 12 = -2*f, 2*f - 3*g = -0*g - 20. Calculate z(f).
8
Let w be (-3 + (5 - 3))*(-1)/24. Let b(u) be the third derivative of 7/6*u**3 + w*u**4 - u**2 + 0*u + 0. Calculate b(5).
12
Let j(y) be the second derivative of y**5/20 + y**4/4 - y**3/2 - 3*y**2/2 - y. Let u = -6405 + 6402. Calculate j(u).
6
Let t(f) = 6*f**3 + 15*f**2 + 13*f + 5. Let x(i) = 7*i**3 + 17*i**2 + 15*i + 6. Let q(g) = 6*t(g) - 5*x(g). Determine q(-5).
-15
Let a(o) be the first derivative of -o**3/3 + 7*o**2/2 - 4*o + 8. Let t be a(6). Suppose -t*d - 30 = 3*d. Let i(q) = q**2 + 4*q - 3. Calculate i(d).
9
Let k(l) be the first derivative of l**3/3 + 16*l - 3. Let q = 888 + -888. Give k(q).
16
Let i(u) = -u**3 - 2*u**2 - u - 1. Suppose -5*l = -m + 4*m - 20, -4*m - 12 = -3*l. Let d be (-2)/(4 - (l - 1)). Calculate i(d).
1
Let l(r) = r + 43. Let c be l(-41). Let k(q) be the first derivative of -4 - 1/2*q**c + 10*q. Give k(5).
5
Let i(l) = 16 + 43 + 4*l - 31. What is i(-6)?
4
Suppose 2*w + 6 = -8*q + 3*q, -5*w + 12 = -q. Let o(j) = -j - 5. Calculate o(q).
-3
Let y(l) = 4*l**3 - 2 + 0*l**3 + 4 - 274*l**2 + 134*l**2 + 142*l**2. Determine y(-2).
-22
Let r(b) = -34*b**3 - 2 - 8*b**2 + b**2 + 35*b**3. Suppose -w = -1, o - 4*o - 2*w + 23 = 0. What is r(o)?
-2
Let h(z) = z - 6. Let l be (-6)/2 + 7/7. Let n(o) be the second derivative of o**4/4 + o**3/2 + o**2/2 - o. Let i be n(l). Calculate h(i).
1
Let f be (-16)/6*(2 + 1). Let i = -13 - f. Let c = -5 - i. Let d(q) = q**2 + q - 1. What is d(c)?
-1
Let h(a) = 2*a**3 + 4*a**2 + 3*a + 2. Let t = -451 + 449. Give h(t).
-4
Let b(n) be the third derivative of -n**9/60480 + n**8/20160 + n**6/180 + 11*n**5/60 + 11*n**2. Let s(w) be the third derivative of b(w). What is s(0)?
4
Let a(t) = t - 7. Let h = 182 + -178. Calculate a(h).
-3
Let n(o) = -o**3 - o**2 - 2. Suppose -96*c = -94*c. What is n(c)?
-2
Let u(x) = 2*x + 3. Let f(w) = -7*w - 4. Let o(q) = -f(q) - 2*u(q). What is o(-2)?
-8
Let c(z) = z + 4. Let s(m) = m. Let w(d) = d**2 - 4*d + 1. Let y be w(4). Let v(r) = y*c(r) - 2*s(r). Calculate v(5).
-1
Let y be 4/2*70/28. Let r(b) = 6*b - 27. Let w be r(y). Let u(t) be the third derivative of t**6/120 - t**5/15 + t**4/6 - t**3/3 + 3*t**2. Determine u(w).
1
Let z(l) = 3*l**3 - l**2 + 1. Suppose 4*s + v = 9, 284 = 3*s - 3*v + 296. Determine z(s).
3
Suppose -4 = 5*r + 4*k, 3*r + k + 8 = -0*k. Let t(o) = -o - 1. Give t(r).
3
Let n be -25*-4*(-3)/(-15). Suppose y - 5*y + n = 0. Let a(j) = -5 - 8*j**2 + 3*j - 4*j + y. Determine a(1).
-9
Let n(c) = -c**3 + 8*c**2 + 7*c. Suppose 5*m = 4*s - 11, 0 = -5*s + 4*m - 9*m + 70. What is n(s)?
-18
Let x(p) be the third derivative of p**8/20160 - p**7/2520 + p**6/360 + 7*p**5/30 - 17*p**2. Let d(a) be the third derivative of x(a). Give d(3).
5
Let z(b) = 2*b + 1. Let n(x) = 9*x + 5. Let d(j) = n(j) - 5*z(j). What is d(-1)?
1
Let u(o) be the third derivative of o**5/60 - o**4/8 + 130*o**2. Give u(7).
28
Let t(q) be the third derivative of -q**4/6 - q**3/6 - 36*q**2. Let u be (-47)/(-5) - 2/5. Let j = u + -11. Give t(j).
7
Let d(l) be the third derivative of -l**4/12 - 7*l**3/6 - 759*l**2. What is d(7)?
-21
Let o(y) = y**3 + 16*y**2 + y + 13. Suppose 21*g - 3*g = 2628. Suppose 46 + g = -12*l. Give o(l).
-3
Let c(k) = -k**3 + k**2 - k + 1. Let h(b) = -4*b**3 + b**2 - 3*b. Let a(z) = -2*c(z) + h(z). Let n(y) = -2*y**2 + 12*y - 2. Let i be n(6). Give a(i).
12
Let i(l) = 37*l + 26. Let w(m) = -118*m - 78. Let d(h) = -16*i(h) - 5*w(h). Determine d(-12).
-2
Let q(p) = p**2 - 12*p + 6. Let v(d) = -3*d**2 + 35*d - 19. Let j = -2 - -10. Let a(y) = j*q(y) + 3*v(y). Let w = -43 + 49. What is a(w)?
9
Let g(p) = 3*p**2 + 2 + 3 + 14*p**2 + 2*p - 4 + 0. Let v(l) = -1. Let i(b) = b**3 - b**2 + b - 3. Let r(t) = -i(t) + 4*v(t). Let m be r(0). Give g(m).
16
Let d(t) = -t**2 + 5*t - 3. Let u be d(4). Let r(a) = -u + 2*a**2 - a**3 - 5*a**2 - a - 1. Let o be ((-24)/20)/((-54)/(-135)). Give r(o).
1
Let i = 619 - 629. Let k(d) = d**3 + 9*d**2 - 5*d + 14. Determine k(i).
-36
Let i = 10369 - 10380. Let j(m) be the second derivative of m**4/12 + 5*m**3/3 - 3*m**2/2 + m. What is j(i)?
8
Suppose 0 = 2*n - 2*t - 26, t = 3*n - 37 + 4. Let q(b) = -b**2 + 8*b + 10. What is q(n)?
-10
Let g(n) be the first derivative of -n**4/4 - 5*n**3/3 + 9*n**2/2 + 3*n + 40. Determine g(-7).
38
Let b(s) be the second derivative of s**3/6 + 4*s**2 + 5*s. Let q(z) = z**2 + 19*z + 28. Let i be q(-17). Calculate b(i).
2
Let f(i) = -2*i**2 - 2*i + 3. Let p(c) = -c + 50. Let w be p(20). Suppose -4*d + w = d - 4*n, 0 = 4*d + 2*n + 2. Determine f(d).
-9
Let t(n) = -3*n. Let g = 182 + -177. Give t(g).
-15
Let w(k) = -65*k - 329. Let c be w(-5). Let d(i) = -i + 6. What is d(c)?
10
Let m(t) = t**2 - 5*t + 5. Suppose 8*s = -0 + 56. Suppose 0*c + 9 = 3*c. Let q = s - c. Determine m(q).
1
Let a(x) be the first derivative of 1/2*x**2 + 15*x - 2. Let l be 0/(0 - (1 - 2)). Give a(l).
15
Let z(b) = -b**3 + 4*b**2 - 2*b - 2. Let q(t) = -3*t - 34. Let m be q(-10). Let a = -5 - -12. Let r = m + a. Calculate z(r).
1
Suppose w + 0*g = 2*g + 12, 4*g = -4*w + 48. Let r be (-34)/(-3) - 4/w. Let j(i) = -2 - r*i + 8*i + 1. What is j(-2)?
5
Let i(h) = -19*h + 21. Let r(v) = 20*v - 14. Let s(u) = 2*i(u) + 3*r(u). Calculate s(-2).
-44
Suppose 5*o + 2 = -18. Suppose 0*g + 5 = g. Let w(x) = -7*x + 4*x**2 + x**3 - x**2 - g - 1. Determine w(o).
6
Suppose 3*l = 5*t + 3, 169*t = 4*l + 167*t - 4. Let u(p) = -33*p**2 + p. Calculate u(l).
-32
Let a be 6/(-9) + 114/9. Suppose -2*c + a = 2*c. Let q(l) = -3*l - 8 + 4 - l + c*l. What is q(-4)?
0
Let o(t) = t - 20. Let l(d) = 3*d**2 + 125*d + 90. Let g be l(-41). Determine o(g).
-12
Let w(d) = -4*d + 9. Let s(v) = -v + 1. Let c(m) = -6*s(m) + w(m). Let k = -64 + 60. Let l be c(k). Let b(g) = g + 2. Give b(l).
-3
Let k(z) = -z**2 - 4*z - 7. Let t be k(-3). Let f(r) = 3*r**2 - 8*r - 3. Let c(w) = 4*w**2 - 9*w - 4. Let p(b) = t*c(b) + 5*f(b). Determine p(-4).
1
Let x(k) = 4*k + 61. Let c = 1044 - 1059. Determine x(c).
1
Let j = -671/696 - -34/29. Let i(a) be the third derivative of 0*a + 1/2*a**3 - j*a**4 + 1/60*a**5 + 0 - 6*a**2. Determine i(4).
-1
Let x(n) = n**2 + 13*n - 38. Let g be x(-15). Let f(w) = w**3 + 9*w**2 + 11*w + 19. What is f(g)?
-5
Let h(z) = z**2 - 27. Let o be h(-6). Let s(l) = l**3 - 10*l**2 + 8*l + 5. Determine s(o).
-4
Suppose -4*p + 26 = 5*b - p, 5*p = 4*b - 6. Suppose -2*r = -r + b*k - 1, 0 = -5*k + 5. Let h(d) = d - 1. Calculate h(r).
-4
Let k(x) = -2*x**3 + 5*x - 5. Let l be 4/22 + ((-96)/44 - -4). Give k(l).
-11
Let w(j) = j**3 + j**2 - 33*j + 13. Let u be w(5). Let b(p) = -8*p - 2. Determine b(u).
14
Let s(w) = -7*w - 2. Let m(j) = 7*j - 228. Let v be m(33). What is s(v)?
-23
Let z(v) = -v**3 - 23*v**2 - 21*v + 23. Let h(j) = -j**2 + 18*j - 78. Let f be h(14). Calculate z(f).
1
Let v(i) be the first derivative of -8*i - 1/6*i**3 - 4 - 4*i**2. Let r(g) be the first derivative of v(g). Determine r(-5).
-3
Suppose 0 = 189*q - 192*q - 9. Let m(s) = 2*s + 3. Determine m(q).
-3
Let p(a) = a**3 + a**2 - a. Let t be p(0). Let n be 2/6*-15 + 12/3. Let d be 2 + n - (1 + t). Let h(r) = -r + 16. Determine h(d).
16
Suppose 0 = -3*d + d + 62. Suppose 1 = 4*h - d. Let u(x) = x**3 - 8*x**2 + 2*x - 7. Calculate u(h).
9
Let m(n) = n**3 + 5*n**2 - 7*n - 5. Le